- 2429*r - 2*z. Let d(v) = v**3 + 3*v**2 - 1. Calculate the remainder when d(6) is divided by r.
11
Suppose -44 = 5*r - 99. Suppose 0 = -r*x + 5*x - 162. Calculate the remainder when 314/6 + (-18)/x is divided by 8.
5
Let z be -8 - ((-4)/(-2) + -10). Suppose -3*u - 14*m + 61 = -16*m, z = -4*u + 3*m + 83. What is the remainder when 78 is divided by u?
10
Let c(x) = 151*x**2 - 182*x - 8. Calculate the remainder when c(5) is divided by 52.
49
Let u be ((-13)/2)/(15/(-30)). What is the remainder when (u + 18)/(((-6)/2)/(-6)) is divided by 21?
20
Let k = 183 + -184. Let s(c) = -3*c + 3 - 4 - 4*c**2 + 13*c**2. What is the remainder when 64 is divided by s(k)?
9
What is the remainder when 405 is divided by 1193/6 - (106/12 - 9)?
7
Suppose -4*x + 230 = 3*o, -4*x - 2*o + 239 = 7. What is the remainder when 136 is divided by x?
18
Let z(x) = -1213*x + 52. Let h be z(10). What is the remainder when (-1 - h/45) + (-4)/10 is divided by 21?
15
Let f = -4552 + 4654. What is the remainder when 543 is divided by f?
33
Let f = -6 - -9. Let l = -63 - -214. What is the remainder when l is divided by 18 + f/(6/8)?
19
Let g(t) = -2*t**2 - 25*t - 7. Let n be g(-12). Let z(p) = 3*p + 17. Calculate the remainder when z(n) is divided by (-3)/(6/(-14) - 0).
4
Let a(m) = 134*m - 7. Let y = -16300 - -16310. What is the remainder when a(4) is divided by y?
9
Suppose 0*j - k + 4 = -j, -k = 2*j + 14. What is the remainder when -43*(-6 + (-1 - j)) is divided by 5?
3
Let j(p) = p**3 + 43*p**2 + 69*p - 503. What is the remainder when 8278 is divided by j(-41)?
28
Suppose -5*g = -5*r - 26 + 1, -r + 22 = 2*g. Suppose -g*b + 1700 = 314. What is the remainder when b is divided by 20?
14
What is the remainder when (0 + 3)/(25/(-11500)*-12) is divided by 0 - (0 - -1 - 25)?
19
Suppose -174*m + 89917 - 35629 = 0. What is the remainder when m is divided by 41?
25
Suppose 2361 = 3*y - 33*m + 34*m, 13*m = 3*y - 2445. Calculate the remainder when y is divided by 204.
177
Suppose 0 = -5*v + 2*v + 117. Suppose -462*p = -468*p - 156. What is the remainder when v is divided by 4 + p/(-6) + 2/(-6)?
7
Let c(s) = -s + 3. Let o = -180 - -220. Suppose -105 = o*m - 45*m. Calculate the remainder when m is divided by c(-5).
5
Let d be 0/(-1 + (-3 - -2)). Suppose 5*q + 2*g = 38 - 3, d = 2*q + g - 13. Suppose -41 + 11 = -y. Calculate the remainder when y is divided by q.
3
Let u(t) = 2*t**2 - t. Suppose -2*s + 113 = 4*q + 75, 4*q + 79 = 7*s. What is the remainder when u(-3) is divided by s?
8
Let f(h) = -h**2 - 3*h + 14. Let p be f(6). Calculate the remainder when -255*(1*-4 - 144/p) is divided by 4 + -1 + (12 - -6).
18
Let s = -1797 + 2051. Calculate the remainder when s is divided by 25.
4
Suppose -5*u = -2*t + 2019, u = 3*t - 4*t + 999. Calculate the remainder when t is divided by 145.
132
Calculate the remainder when 13 + 9285 - (192/(-12))/4 is divided by 21.
20
Suppose 1626*g - 1661*g + 16800 = 0. Calculate the remainder when g is divided by 9.
3
Suppose -20*o - 3087 = -41*o. Calculate the remainder when 709 is divided by o.
121
What is the remainder when ((-5610)/(-153))/((-2)/(-3)) is divided by 47?
8
Let a = 395 - 423. What is the remainder when 58 is divided by -15 + 21 - a/2?
18
Let z = 40 - 43. Let y be 3*z/(-9)*1. Suppose -m - v + y = -0*m, 0 = m - 2*v - 16. Calculate the remainder when 10 is divided by m.
4
Let d(m) = -2*m**3 - 8*m**2 + 11*m + 7. Let h be d(-5). What is the remainder when (-672)/40*(-5)/h is divided by 13?
3
Let s = 33014 + -32748. Calculate the remainder when s is divided by 25.
16
Suppose 5*q - 6 = 4*q + 3*l, 5*q + l = 14. Suppose -2*g = 4*w - 118, q*g + 5*w - 150 = 26. Calculate the remainder when 624 is divided by g.
54
Let b = 5 + 41. Suppose 6*y + 8*y - 1620 = 270. Calculate the remainder when y is divided by b.
43
Suppose 228998 = 621*f - 599*f. What is the remainder when f is divided by 267?
263
Let w = -3108 + 3461. Calculate the remainder when w is divided by 326.
27
Let n = 1773 - 1752. Calculate the remainder when 53 is divided by n.
11
Let j(z) = 62*z**3 + 34*z**2 - 38*z + 2. Calculate the remainder when 4555 is divided by j(1).
55
Let h = 155 - 105. Let r(x) = -51*x + 14. Let o be (12 + -4)*-1 - -8. What is the remainder when h is divided by r(o)?
8
Let j = 17 - -9. What is the remainder when j is divided by (-19 + (-4 - -14))*2/(-2)?
8
Suppose 467 = 4*u + 91. Suppose 139 = 3*h + 2*w + 66, -3*h - w + 74 = 0. What is the remainder when u is divided by h?
19
Calculate the remainder when 40/(-6)*61686/(-745) is divided by 51.
42
Suppose 127 = 27*p - 62. Let g(z) = -z**2 + 5*z. Let c be g(5). Suppose c = 5*h - 133 + 48. Calculate the remainder when h is divided by p.
3
What is the remainder when (-10)/35 - (3 - (-37592)/(-56)) is divided by 276?
116
What is the remainder when (-11762)/(-8) + (-413)/(-236) is divided by 123?
119
Let w = -6399 + 6639. Calculate the remainder when 608 is divided by w.
128
Calculate the remainder when 126 is divided by (-6)/(-11)*(-9438)/(-99).
22
Suppose 3*v - 110 = -38. Suppose -8*f = -6*f + 2*r + 22, -3*f - 5*r - 31 = 0. Let n = 102 + f. What is the remainder when n is divided by v?
18
Suppose -4*q = -2*p - 111 - 351, -4*p = -5*q + 579. Let j = 146 - q. Calculate the remainder when 215 is divided by j.
29
Let z be ((-12)/(-2) - -1) + -1. What is the remainder when (-5 + z)*(-11)/(11/(-158)) is divided by 46?
20
Let y = 1104 + -553. What is the remainder when y is divided by 266?
19
What is the remainder when ((-382551)/(-234) - (-27)/(-6)) + 10/6 is divided by 40?
32
Let w(q) be the first derivative of q**3 - 5*q**2 + q + 5. Calculate the remainder when w(4) is divided by -1 + 2 - (-2)/1.
0
Suppose -4*q + 264 = -2*r, -99 - 216 = -5*q - 5*r. Let x = -132 - -388. Calculate the remainder when x is divided by q.
61
Suppose 20*g = g + 39598 + 11683. Calculate the remainder when g is divided by 15.
14
Let d(k) = 189*k**2 - 46*k - 33. What is the remainder when d(-4) is divided by 17?
13
Let o(k) = -k**2 - 13*k + 13. Suppose 18 = -g - 5*j, -5*g - 2*j - 60 = -7*j. What is the remainder when o(g) is divided by 5?
3
Suppose -6*w = -4*w - 130. Let c(l) = -6*l - 44. Let x be (26 + 11 + -4)/(-3). Calculate the remainder when w is divided by c(x).
21
Suppose 19 = m - 2*h, -4*m + 3*h = -7*m + 66. Suppose -5*r + 2*r + 2*j = m, j = 2*r + 15. Calculate the remainder when 46 is divided by 9/(-3)*r - 14/7.
21
Suppose 0 = -5*l + 39*l + 7*l - 13776. Calculate the remainder when 1432 is divided by l.
88
Suppose 12*g + 16 = 20*g. Suppose 0*l + 2*l + g*x = 660, 664 = 2*l + x. What is the remainder when l is divided by 56?
54
What is the remainder when (((-176)/16)/(-11))/(1/252) is divided by 52?
44
Let u = -9359 + 9422. Calculate the remainder when 1257 is divided by u.
60
Suppose 0 = 4*x - 3*x + 73. Let s(j) = -j**3 + 34*j**2 - 65*j - 28. Let t be s(32). Let w = t - x. Calculate the remainder when 25 is divided by w.
12
Suppose 2*h - 363 + 324 = i, -36 = -h - 5*i. What is the remainder when 853 is divided by h?
13
Suppose -957*v + 28 = -950*v. Suppose -2*d + v*n + 560 = -2146, n - 5412 = -4*d. What is the remainder when d is divided by 12?
9
Let q = 151 + -145. Calculate the remainder when (-4)/((-820)/(-3115) + q/(-21)) is divided by 45.
43
Let d = -55 + 59. Let g(l) = 3*l**2 - 10*l + 6. What is the remainder when g(d) is divided by 6?
2
Suppose 5*a + 3*x = 129, 4*x - 9 = x. Suppose -5*l = -2*o - 44, 10*l - 44 = o + 53. Calculate the remainder when a is divided by l.
4
Suppose 5*p = 10*p - 3*r - 14, 5*r + 17 = 2*p. Calculate the remainder when 27 is divided by (-5)/p + -17 + 37.
12
Let h be (1*-1)/(5/(-75)*-1). Calculate the remainder when (-3194)/(-10) + 6/h is divided by 20.
19
Let z(b) = b + 3. Let u = -7 + 12. Let a be z(u). Suppose 2*v + 0*q + q - 82 = 0, 0 = 2*q - a. What is the remainder when v is divided by 14?
11
Let f be 1/(-4) - (-484)/(-16)*-1. Suppose -c - 4*j = -2*j - 26, -c + f = j. What is the remainder when 202 is divided by c?
32
Suppose -20*a = -19*a - 3*q - 3348, 2*a - 4*q = 6706. Calculate the remainder when a is divided by 18.
15
Let y = -8 - -10. Suppose 2*p + y*p = 3*s + 1529, 4*p + 5*s = 1537. Calculate the remainder when p is divided by 55.
53
Let p = -4057 - -4080. What is the remainder when p is divided by 12?
11
Suppos